0001
In base 8, what is -647 - -23?
-624
In base 13, what is 1 - 94?
-93
In base 2, what is 101001010111100001 - 10?
101001010111011111
In base 16, what is -a69bb - 1?
-a69bc
In base 14, what is 3a - 4730?
-46d4
In base 9, what is 3 - -831111?
831114
In base 6, what is -203353341 - -1?
-203353340
In base 14, what is 18b + -2ac?
-121
In base 5, what is 1 - 2210224?
-2210223
In base 7, what is 22102 - -652?
23054
In base 8, what is 173 - 6564?
-6371
In base 10, what is 1 + 5240?
5241
In base 4, what is -10 - -2000312?
2000302
In base 6, what is -430 + 15?
-411
In base 4, what is -3323 + -12320?
-22303
In base 8, what is 341 + -3552?
-3211
In base 7, what is -1162 + -210?
-1402
In base 3, what is 1222111212000 - -10?
1222111212010
In base 8, what is -1 - 310034?
-310035
In base 8, what is 4 + -172240?
-172234
In base 7, what is -1043403 + 26?
-1043344
In base 11, what is -310834 - -4?
-310830
In base 8, what is -101000 - -46?
-100732
In base 2, what is -10 - 11101010100001?
-11101010100011
In base 8, what is 254515 - -6?
254523
In base 11, what is -5 - 1281a?
-12824
In base 4, what is 13 + -222033?
-222020
In base 9, what is -131178 - 21?
-131210
In base 10, what is 50355 - -2?
50357
In base 9, what is -3 + -247688?
-247702
In base 15, what is -16bc9 - -1?
-16bc8
In base 8, what is -4460 + -7?
-4467
In base 4, what is -12023312 + -10?
-12023322
In base 15, what is -135c + -3d?
-139a
In base 10, what is -423 + -49?
-472
In base 15, what is 14b - 10?
13b
In base 14, what is -27 - 265?
-28c
In base 6, what is 15544 + 24?
20012
In base 6, what is -54535 + -4?
-54543
In base 8, what is -5 - -60335?
60330
In base 15, what is -105 + 500?
3ea
In base 11, what is 2 - 35a94?
-35a92
In base 11, what is -a - 1a436?
-1a445
In base 8, what is -2156 + 4275?
2117
In base 14, what is 35bd + 1c?
35db
In base 2, what is -11 - 10001000?
-10001011
In base 6, what is -1224 + 550?
-234
In base 3, what is 1202111 - 102?
1202002
In base 15, what is -4 - -1ac02?
1abed
In base 9, what is -30807 + 5?
-30802
In base 3, what is 1122010011 + 12?
1122010100
In base 3, what is -100 + 112221110?
112221010
In base 3, what is -2001 + -1001012020?
-1001021021
In base 5, what is 1 - -222000?
222001
In base 8, what is 25 + 331024?
331051
In base 2, what is 110001110 - -101110000?
1011111110
In base 13, what is -4 - -30233c?
302338
In base 7, what is -1 - -652?
651
In base 3, what is 201100 - 1112120?
-211020
In base 6, what is 112510435 - -2?
112510441
In base 3, what is 110020200122 + -12?
110020200110
In base 7, what is 32 - 51455?
-51423
In base 4, what is 131211232 + 10?
131211302
In base 14, what is -2d2 + -250?
-542
In base 14, what is 442b9 - -8?
442c3
In base 13, what is -9 - -1020?
1014
In base 7, what is -50602 + -43?
-50645
In base 9, what is -1 - -12641?
12640
In base 14, what is 598 + 1a80?
2238
In base 5, what is -10233404 - 4?
-10233413
In base 7, what is -5 - -112461?
112453
In base 4, what is -212133 + -32?
-212231
In base 16, what is 12 - 387?
-375
In base 8, what is -5 - -3642042?
3642035
In base 6, what is -4 - -2431140?
2431132
In base 15, what is 1a0 - -62?
212
In base 11, what is 406a - -4?
4073
In base 2, what is -100110101000101010 + -11?
-100110101000101101
In base 15, what is 4 - -e3566?
e356a
In base 7, what is 132133 - 1?
132132
In base 12, what is 4 - 1971?
-1969
In base 16, what is 2e8970 + 5?
2e8975
In base 9, what is 5 + 33705?
33711
In base 13, what is 3 - -4860a?
48610
In base 12, what is 5 - 7971b?
-79716
In base 2, what is 1100001110100100011 - -1011?
1100001110100101110
In base 8, what is 100 - 2447?
-2347
In base 6, what is 2 + 101314404?
101314410
In base 2, what is -100001011111010101 - 101?
-100001011111011010
In base 4, what is -301133311 - 3?
-301133320
In base 4, what is -1131302102 + -1?
-1131302103
In base 16, what is 2f09 - 2?
2f07
In base 10, what is -27 - 630?
-657
In base 15, what is -191 - -1e93?
1d02
In base 2, what is 101100000 - 100011101?
1000011
In base 9, what is 48 + 23508?
23557
In base 11, what is 1540296 - 1?
1540295
In base 8, what is 15727 + -3?
15724
In base 7, what is 30 - -36442?
36502
In base 4, what is -1133112 + -31?
-1133203
In base 16, what is -1ef65 + -4?
-1ef69
In base 6, what is 3 - 42530?
-42523
In base 10, what is 3072 + -20?
3052
In base 11, what is 469 - 18a?
28a
In base 4, what is -11 + 2230222112?
2230222101
In base 7, what is -3546 - -255?
-3261
In base 15, what is -4c9 + 29?
-4a0
In base 7, what is -43 - -260552?
260506
In base 10, what is -428 + 312?
-116
In base 7, what is -42 + 1550?
1505
In base 6, what is -43 + -14034?
-14121
In base 10, what is -348838 + 4?
-348834
In base 16, what is 44f - 1e6?
269
In base 6, what is 4 + 243554?
244002
In base 16, what is 86 + 1c?
a2
In base 8, what is 13 - -15405?
15420
In base 5, what is -1432 + -311020?
-313002
In base 12, what is 14335 + -3?
14332
In base 15, what is -2783 + -4b?
-27ce
In base 9, what is -1641 + -57?
-1708
In base 14, what is -b - -339?
32c
In base 9, what is -1365 + 73?
-1282
In base 9, what is -3733 + -57?
-3801
In base 5, what is -2 + -1421124?
-1421131
In base 9, what is -60 + 1177?
1117
In base 6, what is -10 + -13512135?
-13512145
In base 3, what is 21102121 - 10010?
21022111
In base 3, what is 1122100211 + 11?
1122100222
In base 13, what is 20 - -190c?
192c
In base 5, what is 0 + -3401?
-3401
In base 13, what is -4356b - 0?
-4356b
In base 7, what is 362 - -126?
521
In base 8, what is 247745 - 51?
247674
In base 6, what is 32 - 10120401?
-10120325
In base 9, what is 60 - -124?
184
In base 12, what is 0 - -47b112?
47b112
In base 5, what is -4131202 + -400?
-4132102
In base 7, what is 324 + -3630?
-3303
In base 12, what is -1a256 + 2?
-1a254
In base 6, what is 3 - 13235435?
-13235432
In base 5, what is -144022 + -12313?
-211340
In base 3, what is -1200121210122 + -11?
-1200121210210
In base 12, what is -126623 - 5?
-126628
In base 15, what is -44 - bc?
-111
In base 11, what is 4 - -14458?
14461
In base 16, what is -2 + 3a50?
3a4e
In base 13, what is 3140a - -4?
31411
In base 16, what is -3484b + 5?
-34846
In base 15, what is -4d - 7783?
-77d1
In base 3, what is -2211 - 1012222?
-1022210
In base 3, what is 21122022212 + -11?
21122022201
In base 3, what is 2 + 2221202012?
2221202021
In base 16, what is 1dd4 + -3f?
1d95
In base 14, what is -44 - -1b4d?
1b09
In base 2, what is -101 - 111110000000110?
-111110000001011
In base 7, what is 2 + 544011?
544013
In base 9, what is 8 - 33371?
-33362
In base 15, what is 9 + -386?
-37c
In base 4, what is 12 - 13110012?
-13110000
In base 4, what is 0 + 232210?
232210
In base 15, what is -4 - 700ab?
-700b0
In base 12, what is 102b + 15?
1044
In base 9, what is 5 - -15556?
15562
In base 14, what is -3 - 315c9?
-315cc
In base 9, what is 2700 - 162?
2527
In base 7, what is -10400 - -301?
-10066
In base 14, what is -220d4 + 3?
-220d1
In base 5, what is -1301424 + 1443?
-1244431
In base 16, what is 5 - -3f59d?
3f5a2
In base 16, what is -14b6c3 + -3?
-14b6c6
In base 10, what is 5007 - 23?
4984
In base 4, what is -1302 + -1302011?
-1303313
In base 2, what is -1011 + -100100111111110000?
-100100111111111011
In base 15, what is -1c309 - 24?
-1c32d
In base 15, what is 175 + -9b?
c9
In base 8, what is 3 + 7523?
7526
In base 4, what is -23 + -211332?
-212021
In base 2, what is 1001000 - 100111000110?
-100101111110
In base 8, what is 40261 + 2?
40263
In base 16, what is -847b - 4?
-847f
In base 4, what is -22 + 322112?
322030
In base 13, what is 8c1 - 67?
857
In base 9, what is 4760 - -22?
4782
In base 15, what is 4499 - -4?
449d
In base 3, what is 20101 - 1221020?
-1200212
In base 16, what is 28f8 + 5?
28fd
In base 13, what is 48 + b43?
b8b
In base 7, what is -106411 - -21?
-106360
In base 16, what is 2 + 4130?
4132
In base 6, what is -213512 - 1?
-213513
In base 4, what is 2133 + -10021111?
-10012312
In base 3, what is -12102 - 1110212?
-1200021
In base 7, what is -261453 + 2?
-261451
In base 7, what is -20 - 2015426?
-2015446
In base 9, what is 52 - 2370?
-2317
In base 16, what is 780 + -7?
779
In base 14, what is 5 + -1779?
-1774
In base 12, what is -3 + -29951?
-29954
In base 6, what is -3 + -501513?
-501520
In base 3, what is 12021202 + 102200?
12201102
In base 5, what is -231024 - -2334?
-223140
In base 4,